2.
146
What is the greatest common factor of 17 and 357?
17
Calculate the greatest common divisor of 3040 and 15.
5
What is the greatest common factor of 2308 and 8?
4
What is the greatest common factor of 50 and 10125?
25
Calculate the highest common factor of 165 and 2211.
33
Calculate the highest common divisor of 63 and 1715.
7
What is the highest common divisor of 16 and 3000?
8
Calculate the greatest common divisor of 2313 and 27.
9
Calculate the highest common factor of 148 and 925.
37
What is the greatest common divisor of 128 and 6104?
8
Calculate the highest common divisor of 70 and 18942.
14
Calculate the greatest common factor of 161 and 259.
7
Calculate the greatest common factor of 85 and 34.
17
What is the highest common factor of 8 and 17?
1
Calculate the highest common divisor of 12201 and 49.
49
What is the highest common factor of 616 and 352?
88
What is the highest common factor of 126 and 672?
42
Calculate the greatest common divisor of 504 and 3976.
56
What is the highest common divisor of 40 and 200?
40
What is the greatest common factor of 238 and 7?
7
Calculate the greatest common divisor of 1824 and 57.
57
Calculate the greatest common factor of 1264 and 79.
79
What is the greatest common factor of 336 and 112?
112
What is the highest common divisor of 27 and 576?
9
What is the greatest common divisor of 1100 and 33?
11
What is the greatest common factor of 120 and 90?
30
Calculate the highest common divisor of 462 and 66.
66
What is the highest common divisor of 200 and 760?
40
What is the highest common factor of 48 and 88?
8
Calculate the highest common factor of 144 and 344.
8
What is the greatest common factor of 1320 and 20?
20
What is the greatest common divisor of 78 and 1924?
26
What is the highest common factor of 627 and 33?
33
What is the greatest common divisor of 356 and 623?
89
Calculate the highest common factor of 56 and 100.
4
Calculate the greatest common divisor of 531 and 36.
9
Calculate the greatest common factor of 121 and 99.
11
Calculate the greatest common divisor of 3483 and 559.
43
Calculate the greatest common divisor of 30 and 1920.
30
What is the highest common factor of 265 and 53?
53
What is the greatest common factor of 15 and 10650?
15
Calculate the highest common divisor of 87 and 15747.
87
What is the greatest common factor of 244 and 122732?
244
Calculate the greatest common divisor of 60 and 408.
12
Calculate the greatest common divisor of 8 and 136.
8
Calculate the highest common factor of 112 and 3514.
14
What is the highest common factor of 6 and 526?
2
Calculate the highest common divisor of 144 and 768.
48
What is the greatest common factor of 125 and 175?
25
Calculate the greatest common divisor of 9 and 36.
9
What is the highest common divisor of 30800 and 55?
55
What is the highest common factor of 17 and 102?
17
Calculate the highest common divisor of 12 and 9.
3
Calculate the highest common factor of 12 and 87.
3
What is the greatest common divisor of 9 and 477?
9
Calculate the greatest common factor of 140 and 3955.
35
What is the highest common factor of 44 and 132?
44
What is the highest common factor of 322 and 28?
14
What is the greatest common divisor of 32 and 976?
16
Calculate the greatest common factor of 270 and 30.
30
Calculate the highest common factor of 3085 and 5.
5
What is the greatest common factor of 85 and 34?
17
Calculate the greatest common divisor of 1023 and 11997.
93
What is the highest common factor of 18 and 4149?
9
Calculate the greatest common divisor of 156 and 117.
39
Calculate the highest common divisor of 100 and 3100.
100
Calculate the greatest common factor of 949 and 292.
73
Calculate the highest common divisor of 5123 and 141.
47
Calculate the greatest common divisor of 12214 and 62.
62
What is the greatest common divisor of 98 and 5537?
49
Calculate the highest common divisor of 18 and 222.
6
Calculate the highest common factor of 16 and 7600.
16
What is the greatest common divisor of 143 and 473?
11
Calculate the highest common divisor of 10626 and 44.
22
Calculate the highest common factor of 10 and 190.
10
What is the greatest common divisor of 150 and 330?
30
What is the highest common factor of 26 and 26?
26
What is the highest common divisor of 34209 and 189?
189
Calculate the greatest common divisor of 36 and 24.
12
Calculate the highest common divisor of 3154 and 38.
38
Calculate the highest common factor of 40 and 496.
8
What is the greatest common divisor of 112 and 24?
8
What is the greatest common factor of 1920 and 150?
30
Calculate the highest common factor of 1797 and 3.
3
Calculate the greatest common factor of 96 and 28608.
96
Calculate the greatest common factor of 1334 and 174.
58
What is the greatest common divisor of 362 and 10679?
181
Calculate the greatest common factor of 168 and 231.
21
What is the greatest common factor of 6 and 42?
6
Calculate the highest common factor of 60 and 414.
6
Calculate the greatest common divisor of 63 and 216.
9
What is the greatest common divisor of 74 and 259?
37
What is the highest common factor of 9465 and 5?
5
What is the highest common factor of 1825 and 1971?
73
What is the highest common divisor of 150 and 42?
6
Calculate the highest common divisor of 156 and 247.
13
What is the highest common divisor of 407 and 999?
37
What is the highest common factor of 8954 and 242?
242
What is the highest common factor of 104 and 9776?
104
What is the highest common factor of 6 and 42?
6
What is the highest common factor of 39 and 637?
13
What is the greatest common factor of 24 and 128?
8
Calculate the highest common divisor of 686 and 238.
14
What is the highest common factor of 72 and 1458?
18
Calculate the highest common divisor of 55 and 13805.
55
Calculate the greatest common divisor of 10 and 46.
2
What is the greatest common divisor of 49 and 67?
1
Calculate the greatest common factor of 8557 and 86.
43
What is the highest common factor of 75 and 240?
15
What is the greatest common divisor of 64 and 144?
16
Calculate the greatest common factor of 64 and 2112.
64
Calculate the highest common divisor of 9 and 18.
9
What is the greatest common factor of 460 and 60?
20
What is the highest common divisor of 6533 and 47?
47
Calculate the greatest common factor of 92 and 299.
23
What is the greatest common factor of 270 and 90?
90
What is the greatest common factor of 3 and 4479?
3
What is the highest common divisor of 3445 and 65?
65
What is the highest common factor of 25110 and 90?
90
What is the highest common factor of 28 and 12?
4
What is the highest common divisor of 75 and 35?
5
Calculate the highest common divisor of 10152 and 282.
282
What is the highest common divisor of 5933 and 17?
17
Calculate the highest common divisor of 84 and 22176.
84
What is the highest common factor of 3 and 2?
1
Calculate the greatest common factor of 1652 and 28.
28
Calculate the greatest common divisor of 13315 and 5.
5
What is the greatest common factor of 208 and 39?
13
What is the highest common factor of 60 and 260?
20
What is the greatest common factor of 783 and 81?
27
What is the highest common factor of 23576 and 56?
56
What is the greatest common factor of 646 and 68?
34
What is the highest common divisor of 55 and 209?
11
Calculate the greatest common factor of 90 and 30.
30
Calculate the highest common divisor of 138 and 230.
46
What is the highest common factor of 1 and 284?
1
Calculate the highest common factor of 72 and 204.
12
Calculate the highest common factor of 4114 and 44.
22
Calculate the highest common divisor of 19 and 2641.
19
What is the highest common factor of 4747 and 101?
101
What is the highest common divisor of 13 and 13?
13
What is the highest common factor of 4002 and 116?
58
What is the highest common factor of 306 and 54?
18
What is the greatest common factor of 19 and 323?
19
Calculate the greatest common factor of 4089 and 174.
87
What is the greatest common factor of 47 and 5311?
47
Calculate the highest common factor of 38 and 399.
19
Calculate the highest common factor of 45 and 279.
9
What is the highest common factor of 80921 and 19?
19
What is the greatest common factor of 82 and 123?
41
Calculate the highest common divisor of 56 and 98.
14
Calc